 is divided by 2577.
86
Calculate the remainder when 20229 is divided by 3942.
519
What is the remainder when 34696 is divided by 24?
16
Calculate the remainder when 36143 is divided by 7227.
8
Calculate the remainder when 22985 is divided by 500.
485
What is the remainder when 64113 is divided by 4004?
49
Calculate the remainder when 1535613 is divided by 502.
497
Calculate the remainder when 283757 is divided by 118.
85
Calculate the remainder when 1462 is divided by 163.
158
What is the remainder when 4856 is divided by 14?
12
What is the remainder when 26933 is divided by 34?
5
Calculate the remainder when 1767 is divided by 598.
571
Calculate the remainder when 4324 is divided by 1233.
625
What is the remainder when 1011 is divided by 1004?
7
What is the remainder when 101734 is divided by 19?
8
What is the remainder when 76128 is divided by 278?
234
What is the remainder when 10789 is divided by 116?
1
Calculate the remainder when 221217 is divided by 53.
48
Calculate the remainder when 9102 is divided by 1268.
226
What is the remainder when 1352 is divided by 1205?
147
Calculate the remainder when 1769479 is divided by 63.
61
What is the remainder when 46241 is divided by 126?
125
What is the remainder when 121930 is divided by 55?
50
What is the remainder when 61453 is divided by 192?
13
Calculate the remainder when 4638 is divided by 1153.
26
What is the remainder when 5376 is divided by 73?
47
Calculate the remainder when 12189 is divided by 61.
50
What is the remainder when 23344 is divided by 631?
628
What is the remainder when 15623 is divided by 259?
83
Calculate the remainder when 4721 is divided by 146.
49
Calculate the remainder when 1092 is divided by 553.
539
What is the remainder when 5127 is divided by 171?
168
What is the remainder when 1224 is divided by 177?
162
What is the remainder when 2507 is divided by 2489?
18
Calculate the remainder when 1949 is divided by 49.
38
Calculate the remainder when 361564 is divided by 21268.
8
Calculate the remainder when 51647 is divided by 329.
323
Calculate the remainder when 3051 is divided by 173.
110
Calculate the remainder when 102374 is divided by 525.
524
What is the remainder when 24192 is divided by 12084?
24
Calculate the remainder when 537 is divided by 423.
114
Calculate the remainder when 613 is divided by 124.
117
What is the remainder when 3689 is divided by 151?
65
Calculate the remainder when 41805 is divided by 263.
251
What is the remainder when 211450 is divided by 30?
10
Calculate the remainder when 873027 is divided by 85.
77
What is the remainder when 1075 is divided by 625?
450
What is the remainder when 89910 is divided by 182?
2
What is the remainder when 460 is divided by 92?
0
Calculate the remainder when 669 is divided by 20.
9
What is the remainder when 8695 is divided by 128?
119
What is the remainder when 15714 is divided by 979?
50
What is the remainder when 13930 is divided by 82?
72
What is the remainder when 6217 is divided by 131?
60
Calculate the remainder when 50899 is divided by 25.
24
What is the remainder when 67446 is divided by 161?
148
What is the remainder when 13285 is divided by 2485?
860
What is the remainder when 54614 is divided by 552?
518
Calculate the remainder when 116254 is divided by 56.
54
Calculate the remainder when 1279165 is divided by 22.
19
What is the remainder when 49189 is divided by 88?
85
What is the remainder when 10661 is divided by 1983?
746
What is the remainder when 27901 is divided by 13820?
261
What is the remainder when 869 is divided by 286?
11
Calculate the remainder when 65955 is divided by 21885.
300
Calculate the remainder when 6042633 is divided by 53.
50
What is the remainder when 1921 is divided by 324?
301
Calculate the remainder when 4061 is divided by 8.
5
What is the remainder when 5454 is divided by 1292?
286
Calculate the remainder when 476096 is divided by 143.
49
What is the remainder when 393 is divided by 170?
53
Calculate the remainder when 59784 is divided by 486.
6
What is the remainder when 243589 is divided by 694?
689
What is the remainder when 1017794 is divided by 67?
64
What is the remainder when 420 is divided by 125?
45
Calculate the remainder when 3652787 is divided by 206.
201
Calculate the remainder when 424227 is divided by 294.
279
Calculate the remainder when 45955 is divided by 50.
5
What is the remainder when 65789 is divided by 30?
29
Calculate the remainder when 6935 is divided by 1407.
1307
What is the remainder when 39139 is divided by 9784?
3
What is the remainder when 40218 is divided by 13405?
3
Calculate the remainder when 1543 is divided by 738.
67
What is the remainder when 2969 is divided by 46?
25
What is the remainder when 3579 is divided by 51?
9
What is the remainder when 2041 is divided by 22?
17
What is the remainder when 5532773 is divided by 424?
421
What is the remainder when 62591 is divided by 45?
41
Calculate the remainder when 224866 is divided by 516.
406
Calculate the remainder when 2102 is divided by 1515.
587
Calculate the remainder when 20661 is divided by 6885.
6
What is the remainder when 8721943 is divided by 159?
157
Calculate the remainder when 1235 is divided by 56.
3
Calculate the remainder when 12350 is divided by 915.
455
Calculate the remainder when 7263 is divided by 12.
3
What is the remainder when 12627 is divided by 649?
296
Calculate the remainder when 385318 is divided by 520.
518
What is the remainder when 3012 is divided by 739?
56
What is the remainder when 72221 is divided by 134?
129
Calculate the remainder when 3476 is divided by 689.
31
What is the remainder when 21574 is divided by 516?
418
Calculate the remainder when 67517 is divided by 18.
17
What is the remainder when 815019 is divided by 42?
9
Calculate the remainder when 42077 is divided by 10410.
437
What is the remainder when 1058216 is divided by 481?
16
What is the remainder when 13247 is divided by 138?
137
What is the remainder when 29637 is divided by 12?
9
What is the remainder when 952 is divided by 468?
16
Calculate the remainder when 11527 is divided by 2870.
47
What is the remainder when 170903 is divided by 405?
398
Calculate the remainder when 25244 is divided by 789.
785
Calculate the remainder when 50203 is divided by 122.
61
Calculate the remainder when 1972 is divided by 66.
58
What is the remainder when 600 is divided by 209?
182
What is the remainder when 1763 is divided by 134?
21
What is the remainder when 13079 is divided by 4355?
14
Calculate the remainder when 7366203 is divided by 886.
885
Calculate the remainder when 3779 is divided by 272.
243
What is the remainder when 3867 is divided by 580?
387
Calculate the remainder when 162811 is divided by 3015.
1
Calculate the remainder when 683072 is divided by 10.
2
Calculate the remainder when 12743 is divided by 187.
27
What is the remainder when 27643 is divided by 265?
83
Calculate the remainder when 355 is divided by 23.
10
What is the remainder when 10227 is divided by 1502?
1215
Calculate the remainder when 11603 is divided by 258.
251
Calculate the remainder when 230274 is divided by 20934.
0
Calculate the remainder when 84813 is divided by 21196.
29
Calculate the remainder when 73506 is divided by 46.
44
What is the remainder when 584 is divided by 144?
8
What is the remainder when 2322 is divided by 294?
264
Calculate the remainder when 17166 is divided by 3431.
11
Calculate the remainder when 157470 is divided by 217.
145
Calculate the remainder when 2610 is divided by 2353.
257
What is the remainder when 2908 is divided by 73?
61
What is the remainder when 79170 is divided by 120?
90
What is the remainder when 7675 is divided by 183?
172
What is the remainder when 62953 is divided by 488?
1
Calculate the remainder when 33383 is divided by 637.
259
Calculate the remainder when 20223 is divided by 230.
213
Calculate the remainder when 1311 is divided by 655.
1
Calculate the remainder when 2829 is divided by 123.
0
What is the remainder when 301637 is divided by 75407?
9
Calculate the remainder when 8346 is divided by 2765.
51
What is the remainder when 249006 is divided by 29?
12
What is the remainder when 10680 is divided by 10658?
22
Calculate the remainder when 791000 is divi